 - 3*o, 15*z - 20*z - o = -158. What is the remainder when 447 is divided by z?
31
Let i(x) = -17*x - 1 - 4 + 3*x - 1 - x**3 - 9*x**2. What is the remainder when i(-8) is divided by 22?
20
Let v(n) = -60*n - 8. Let x be v(-1). Suppose x*o = 48*o + 300. Suppose -2*a + 22 + 16 = 0. What is the remainder when o is divided by a?
18
Suppose 2*m = -8, 5*v - m - 60 = -6*m. Let n = 32 + -29. Calculate the remainder when (-1 - 0)/(n/(-186)) is divided by v.
14
Suppose 5*f + 6*p = 2*p + 871, 529 = 3*f + 4*p. What is the remainder when f is divided by 58?
55
Suppose -b - b = 2*l - 2, 37 = 2*b - 5*l. Suppose 4*k + 10 = 2*k, -4*k - 28 = 4*s. Calculate the remainder when -1 - (-2 + s)*4 is divided by b.
3
Let s(h) = -2*h - 1. Let f be s(-2). Suppose 0*o = -o + f*l + 23, 0 = 2*o - 4*l - 56. Calculate the remainder when o is divided by 13.
12
Suppose 5*v - 2*l = l + 19, 31 = 5*v + 3*l. Suppose 0 = 2*i + 2*u - 58, 4*u = -7*i - 50 + 238. Calculate the remainder when i is divided by v.
4
Suppose -5*g = 37 - 232. Let u = -20 + 30. Let m(j) = j**2 - 12*j + 30. What is the remainder when g is divided by m(u)?
9
Let j(r) = 9*r + 19. Let g(z) = -10*z - 19. Let q(w) = 3*g(w) + 2*j(w). What is the remainder when q(-7) is divided by 34?
31
Let f = 12 - 24. Let i = 38 + f. Let p = 1586 + -1484. Calculate the remainder when p is divided by i.
24
Suppose 3*s - 3*t + 6*t = 186, -3*t = s - 72. Calculate the remainder when s is divided by 10.
7
Let k(u) = u**3 + 15*u**2 + 11*u + 57. Let i(t) = 2*t**2 + 8*t + 16. What is the remainder when k(-14) is divided by i(-5)?
21
Calculate the remainder when 269 is divided by 10 + -1 - 42/(-2).
29
Calculate the remainder when 4 + (-558)/(-2)*(-26)/(-39) is divided by 16.
14
Suppose 4*y + 3*m = 70, 2*y - m - 1 = 29. What is the remainder when 63 is divided by y?
15
Let h be (15/25)/(1/2545). Let z = h + -2557. Calculate the remainder when 1/4 + z/(-40) is divided by 15.
11
Let y be ((-36)/8)/(6/40). Let m = y + 48. Calculate the remainder when m is divided by 12.
6
Let p = 46 + -139. Calculate the remainder when 8/16*(-3 - p) is divided by 24.
21
Suppose -12 = -3*m + 12. What is the remainder when (-6)/9*2001/(-46) is divided by m?
5
Let y = -1022 - -1149. What is the remainder when y is divided by 43?
41
Let o(l) = -2*l**2 - 12*l + 11. Suppose g = -6*h + h - 32, 0 = 5*h - 3*g + 24. Calculate the remainder when ((-192)/20)/((-3)/10) is divided by o(h).
10
Suppose -95 = 4*x - f, -2*x - 39 = -3*f - 4. Let v(z) = -z**3 - 27*z**2 - 50*z + 31. Calculate the remainder when v(x) is divided by 7.
3
Let q = -76 - -11. Let c = q + 99. Let z = -18 - -27. Calculate the remainder when c is divided by z.
7
Suppose -3*u - 32 - 7 = -3*v, u + 43 = 3*v. Let q(t) = -2*t**3 + t**3 - 5*t**2 - 8 - t**2 + 0*t**3 + 5*t. Calculate the remainder when v is divided by q(-7).
3
Let o = -43 - -151. What is the remainder when o is divided by 16?
12
Suppose 5*q + 5*m = 8*m + 264, 3*q - 159 = 2*m. What is the remainder when 58 is divided by q?
7
Suppose 4*u = -19 + 55. Let x = -6 + u. Suppose 0 = -4*h - 3*c + 26, -9 = -h + x*c - 5*c. Calculate the remainder when h is divided by 2.
1
Calculate the remainder when 312 is divided by ((-2)/8)/(23/(-6992)).
8
Let j(k) = k**2 + 13*k + 9. Suppose 10 = 3*z + 1. Calculate the remainder when z/(4*4/80) is divided by j(-13).
6
Let i(q) = -2*q + 65. Let o be i(24). Let m(n) = -n + 21. Let f = 6 - 4. Calculate the remainder when m(o) is divided by f.
0
Let w = -148 - -160. Let k = 7 + -4. Let d = w - k. What is the remainder when d is divided by 2?
1
Suppose -3*x = 5*o - 15, -4*x + 9 = -11. Suppose 0 = -t - 3*i + 40, o = -t - 2*i + 3*i + 44. What is the remainder when t is divided by 15?
13
Let i = -446 - -463. What is the remainder when 269 is divided by i?
14
Suppose 2*a - 2*d - 36 = 0, 0 = a + 4*d - 52 + 19. Let g = 19 - 13. Let x = 0 + g. Calculate the remainder when a is divided by x.
3
Suppose -13 = 2*l - 2*o - 73, -3*o + 15 = 0. Let h = l + 10. Calculate the remainder when h is divided by 12.
9
What is the remainder when (-1429)/(-3) - 6/72*4 is divided by 53?
52
Let w(z) = 21*z**3 - 4*z**2 + z + 2. Calculate the remainder when 57 is divided by w(1).
17
Suppose -2*q = -2*k + 28, -q = 4*k + q - 26. Let f = k + -4. Suppose 2*s + h - 45 = 0, -f*s - 2*h + 48 = -3*s. What is the remainder when 60 is divided by s?
18
Suppose -2*i - 204 = -4*h, -4*h + 0*h - 256 = 3*i. What is the remainder when i/(-6) + (-1)/3 is divided by 2/(-4) - 306/(-36)?
7
Suppose -4*f - y = -95, -f + 7*y = 11*y - 5. Calculate the remainder when 69 is divided by f.
19
Suppose -4*w - 16 = 2*z, 4*w - 4*z + 21 = 5. What is the remainder when 2/w*1*-66 is divided by 18?
15
Let u(l) = -l**2 - 11*l - 4. Let z be u(-7). What is the remainder when 4/(-6)*(-1692)/z is divided by 10?
7
Let n(q) = -4*q + 13. Let v be n(-9). Suppose i + v = 3*i - 5*o, i - o - 32 = 0. Calculate the remainder when i is divided by 13.
11
Let k be 1199/44 + (-2)/8. Let w = -39 + k. Calculate the remainder when w/54 - (-114)/27 is divided by 3.
1
Suppose 0 = -2*v - 3 - 1. Let q be 0 - v*(-1)/1. What is the remainder when 145/q*16/(-20) is divided by 15?
13
Suppose n + 2*a - 66 = 73, a = 5*n - 706. Calculate the remainder when n is divided by 30.
21
Let n(k) = 2*k**2 - 5*k + 6. Calculate the remainder when n(5) is divided by -4*((-4)/(-7) + 176/(-112)).
3
Let l(w) = 2*w**3 - 6*w**2 + 2*w. Suppose 152 = 10*a - 3*y, -11*a = -15*a - 2*y + 48. Calculate the remainder when l(4) is divided by a.
12
Suppose -p + 20 = -6*p - 4*i, 5*p - 4*i = 20. Suppose a - 18 = -p*a. Calculate the remainder when a is divided by (12/15)/((-263)/(-1315)).
2
Let g(d) = d**2 + 14*d - 16. Let v = 4 + -2. Suppose -6 = -a + 3*k, 92 = v*a + 2*a + 5*k. What is the remainder when g(-17) is divided by a?
17
Suppose 3*c - 466 = -5*k, 5*c - 206 = -4*k + 562. Calculate the remainder when c is divided by 14.
12
Suppose 4*j = -5*s + 18, -3*j + 4*s = 2*j - 2. Suppose -4*c + 4*u = -100, -7*u + j*u = -20. Let q = c - -13. What is the remainder when q is divided by 11?
9
Let n(m) = m**2 + 15*m - 16. Let l be n(-16). What is the remainder when (l + 38)/((-4)/(-6)) is divided by 20 + 0/(9/3)?
17
Suppose 7 - 187 = -4*q. Let f(a) = -a**3 + 4*a**2 + a + 3. What is the remainder when q is divided by f(4)?
3
Suppose 3*v = -10*v - 130. Let a(o) = -o**3 - 7*o**2 + 18*o + 10. Calculate the remainder when a(v) is divided by 33.
31
Let f be ((-21)/(-2))/(8/32). Let u = f + -28. What is the remainder when (-6)/9*(-75)/2 is divided by u?
11
Let i(q) = 2*q**2 - 3*q - 4. Let g be i(4). Let c = g - 22. Let t(d) = d**2 - 3*d - 7. Calculate the remainder when t(c) is divided by 12.
11
Suppose 2*f = -4*m + 231 + 31, -2*f + 326 = 5*m. Let g = -8095 + 8112. Calculate the remainder when m is divided by g.
13
Let u = -2 - -6. Suppose 0 = -2*a + 10, -3*b + 5*a - 10 = -0*a. Suppose -k + 68 = 3*k - u*v, -4*k + b*v + 68 = 0. What is the remainder when k is divided by 9?
8
Let b(f) = -f**3 + 44*f**2 + 195*f - 94. What is the remainder when 100 is divided by b(48)?
0
Calculate the remainder when 5/15 + -1433*1/(-3) is divided by 32.
30
Let h be -6*((-140)/24)/7. Suppose 7 = h*f - 13. Let w = -17 + 27. What is the remainder when w is divided by f?
2
Let r be 0 - (5 - -2 - -3). Let a = r + 36. Calculate the remainder when 76 is divided by a.
24
Let r(y) = 8*y - 69. What is the remainder when 187 is divided by r(12)?
25
Suppose -369 - 121 = -5*d. Let f be (0 + -2)/(2/40). Let a = f + 65. Calculate the remainder when d is divided by a.
23
Let c = 411 - 340. What is the remainder when 210 is divided by c?
68
Suppose -2*l - 3*l = -155. Let n = l - 29. What is the remainder when 7 is divided by n?
1
Let u = 42 + -33. What is the remainder when 78 is divided by u?
6
Let k = 23 + -4. Let f(x) = -4*x - 74. Calculate the remainder when f(-32) is divided by k.
16
Suppose 11*o - 2*o - 387 = 0. Calculate the remainder when o is divided by 18.
7
Let t(x) = x + 29. What is the remainder when (-2 - (-54)/5)/(1/5) is divided by t(-6)?
21
Let t be 1/3 + (-4 - 120/(-18)). Suppose -t*u + 4*j + 161 = 0, -3*u + 5*j + 214 = u. Let r(k) = 7*k - 2. Calculate the remainder when u is divided by r(4).
25
Let n = 200 + -100. Suppose 0 = -7*u + n - 51. Calculate the remainder when (2*1)/2 - -8